ands digit of 1063811592?
8
What is the thousands digit of 128142778?
2
What is the ten thousands digit of 17497752?
9
What is the thousands digit of 186512680?
2
What is the millions digit of 346956025?
6
What is the millions digit of 137976097?
7
What is the ten millions digit of 65193144?
6
What is the millions digit of 114589397?
4
What is the hundreds digit of 344944167?
1
What is the hundreds digit of 1483818376?
3
What is the thousands digit of 63515915?
5
What is the units digit of 9288357?
7
What is the ten millions digit of 1898342250?
9
What is the units digit of 81210132?
2
What is the units digit of 677306464?
4
What is the tens digit of 927730161?
6
What is the ten thousands digit of 1746760710?
6
What is the units digit of 2186590670?
0
What is the ten thousands digit of 558913895?
1
What is the hundreds digit of 8790456?
4
What is the hundreds digit of 968316852?
8
What is the billions digit of 3270196537?
3
What is the hundred thousands digit of 53150232?
1
What is the hundreds digit of 1799007213?
2
What is the units digit of 42935290?
0
What is the billions digit of 1400298088?
1
What is the ten thousands digit of 65127872?
2
What is the millions digit of 153118121?
3
What is the hundred millions digit of 338402334?
3
What is the units digit of 4915665?
5
What is the ten thousands digit of 65627453?
2
What is the tens digit of 80151722?
2
What is the ten thousands digit of 118302549?
0
What is the thousands digit of 118020522?
0
What is the ten thousands digit of 759586?
5
What is the ten millions digit of 63893813?
6
What is the thousands digit of 22027994?
7
What is the millions digit of 106755454?
6
What is the hundred thousands digit of 36613675?
6
What is the ten thousands digit of 14316739?
1
What is the ten millions digit of 24239027?
2
What is the units digit of 55735989?
9
What is the hundred thousands digit of 21158828?
1
What is the ten thousands digit of 6221396313?
9
What is the millions digit of 776792527?
6
What is the hundreds digit of 20944109?
1
What is the hundred millions digit of 181899853?
1
What is the billions digit of 2034643401?
2
What is the hundred thousands digit of 2689931632?
9
What is the tens digit of 935631853?
5
What is the hundreds digit of 72772707?
7
What is the ten millions digit of 908457355?
0
What is the hundreds digit of 33188602?
6
What is the ten millions digit of 59904867?
5
What is the hundreds digit of 62418482?
4
What is the hundred thousands digit of 1184830299?
8
What is the millions digit of 285734356?
5
What is the hundred thousands digit of 351380242?
3
What is the ten millions digit of 5794278099?
9
What is the thousands digit of 4105648?
5
What is the tens digit of 146396637?
3
What is the ten thousands digit of 512960746?
6
What is the tens digit of 1784366060?
6
What is the thousands digit of 461477342?
7
What is the hundreds digit of 62184013?
0
What is the ten thousands digit of 257312585?
1
What is the tens digit of 4671238?
3
What is the tens digit of 173931506?
0
What is the hundred thousands digit of 19534155?
5
What is the units digit of 490045944?
4
What is the hundreds digit of 4878370218?
2
What is the units digit of 1318652786?
6
What is the hundred thousands digit of 201442199?
4
What is the hundreds digit of 1176263614?
6
What is the ten thousands digit of 79718575?
1
What is the ten thousands digit of 74723298?
2
What is the hundred millions digit of 1670493740?
6
What is the units digit of 107213895?
5
What is the hundred millions digit of 320371753?
3
What is the hundred thousands digit of 380320084?
3
What is the tens digit of 5982475023?
2
What is the hundreds digit of 1211278095?
0
What is the millions digit of 89500822?
9
What is the tens digit of 295658467?
6
What is the ten thousands digit of 552414438?
1
What is the hundred thousands digit of 4985616426?
6
What is the hundred thousands digit of 204812505?
8
What is the hundred thousands digit of 27615468?
6
What is the tens digit of 461261299?
9
What is the ten millions digit of 7239166835?
3
What is the millions digit of 30728890?
0
What is the hundreds digit of 889158905?
9
What is the millions digit of 665360341?
5
What is the units digit of 1801301699?
9
What is the billions digit of 1241253409?
1
What is the hundred millions digit of 607656942?
6
What is the units digit of 192489614?
4
What is the ten thousands digit of 83316562?
1
What is the hundreds digit of 50378802?
8
What is the millions digit of 795277391?
5
What is the ten thousands digit of 193799721?
9
What is the units digit of 223305730?
0
What is the millions digit of 2440761533?
0
What is the units digit of 78033834?
4
What is the units digit of 16030004?
4
What is the tens digit of 8223312?
1
What is the ten millions digit of 2936993963?
3
What is the tens digit of 926258057?
5
What is the units digit of 8608270?
0
What is the ten millions digit of 414094992?
1
What is the units digit of 763483290?
0
What is the ten thousands digit of 89065597?
6
What is the millions digit of 112258042?
2
What is the hundred thousands digit of 2954880795?
8
What is the ten millions digit of 1655783311?
5
What is the ten thousands digit of 2516153431?
5
What is the tens digit of 581769297?
9
What is the millions digit of 172355331?
2
What is the hundred millions digit of 2921298049?
9
What is the ten millions digit of 1016892816?
1
What is the units digit of 122951974?
4
What is the units digit of 586306823?
3
What is the ten thousands digit of 4794670827?
7
What is the ten thousands digit of 96240148?
4
What is the hundred millions digit of 3824799939?
8
What is the millions digit of 11470644?
1
What is the hundreds digit of 453103703?
7
What is the hundred thousands digit of 441401350?
4
What is the tens digit of 7939451163?
6
What is the thousands digit of 517087403?
7
What is the tens digit of 50152978?
7
What is the units digit of 1789747621?
1
What is the units digit of 1658605360?
0
What is the ten thousands digit of 136914576?
1
What is the hundred thousands digit of 40157259?
1
What is the millions digit of 1526832895?
6
What is the thousands digit of 83554144?
4
What is the millions digit of 423651043?
3
What is the hundred thousands digit of 69588460?
5
What is the hundred millions digit of 1136143265?
1
What is the hundreds digit of 33959191?
1
What is the ten thousands digit of 64723554?
2
What is the hundred thousands digit of 2969594515?
5
What is the units digit of 67309743?
3
What is the ten thousands digit of 121431971?
3
What is the tens digit of 2755113082?
8
What is the hundreds digit of 5364040306?
3
What is the hundred millions digit of 213546776?
2
What is the ten millions digit of 2065238124?
6
What is the hundred thousands digit of 66235745?
2
What is the ten thousands digit of 652339433?
3
What is the hundreds digit of 24752888?
8
What is the thousands digit of 101261855?
1
What is the millions digit of 215505522?
5
What is the thousands digit of 85236312?
6
What is the hundred millions digit of 245981093?
2
What is the millions digit of 549050003?
9
What is the thousands digit of 47737619?
7
What is the hundred thousands digit of 19184725?
1
What is the ten millions digit of 73644357?
7
What is the hundred thousands digit of 1318521934?
5
What is the units digit of 193283048?
8
What is the units digit of 1735539498?
8
What is the hundred thousands digit of 77271973?
2
What is the millions digit of 746408138?
6
What is the millions digit of 17832089?
7
What is the hundreds digit of 1395208?
2
What is the ten millions digit of 2753602804?
5
What is the hundreds digit of 11174422?
4
What is the units digit of 244472991?
1
What is the tens digit of 52628772?
7
What is the thousands digit of 1515348305?
8
What is the hundred thousands digit of 186217590?
2
What is the hundred millions digit of 595034679?
5
What is the millions digit of 124717177?
4
What is the ten millions digit of 400225097?
0
What is the hundred thousands digit of 24263261?
2
What is the units digit of 4654402?
2
What is the ten thousands digit of 58968539?
6
What is the ten millions digit of 98746442?
9
What is the hundreds digit of 467796160?
1
What is the ten thousands digit of 605146554?
4
What is the thousands digit of 2261247517?
7
What is t